24. Calculate the remainder when (-11)/p*(-1 - 43) is divided by 16.
6
Suppose 2*i - 5*z - 39 = 0, -4*z - 14 = -i + 13. What is the remainder when 305 is divided by i?
4
Calculate the remainder when 501 is divided by 15 - (-3868)/68 - 2/(-17).
69
Let i = -354 - -317. Calculate the remainder when 9 is divided by i/74*(-1 - 9*1).
4
Suppose 4*g - 29 = 35. Let q be (-3 + (-491)/3)*(-36)/10. Suppose -4*n = 6*n - q. Calculate the remainder when n is divided by g.
12
Calculate the remainder when 3921 is divided by 5*2567/850*10.
146
Let w = -6833 + 9391. What is the remainder when w is divided by 852?
2
Suppose 478*h = 474*h + 52. Let q(b) = -9*b + 1. Let a be q(-1). Suppose 2*g - 2*t - 32 = -a, 5*t = g - 19. Calculate the remainder when h is divided by g.
4
What is the remainder when 368 is divided by 5 + -2 + 7 - (-9 + -60)?
52
Suppose -190 + 444 = 52*r - 682. Calculate the remainder when 2697 is divided by r.
15
Let v(r) = -19*r**2 + 9*r + 21. Let k(j) = 22*j**2 - 8*j - 20. Let b(l) = -6*k(l) - 7*v(l). Let y = 115 + -65. What is the remainder when y is divided by b(18)?
23
Suppose -5*d - 44 = -4*j, -5*d + 0*d + 2*j = 52. Let r = d + 47. Calculate the remainder when r is divided by 9.
8
Let d(w) = -9*w + 235. Let s be d(25). Calculate the remainder when 145/s - (-2)/4 is divided by 9.
6
Suppose -d = -0*d - 24. Suppose -o + 7*v = 2*v - d, 2*o - 2*v - 40 = 0. Suppose -14*g = -723 - 271. What is the remainder when g is divided by o?
14
Let z(v) = -339*v - 656. Calculate the remainder when z(-5) is divided by 40.
39
Suppose 64*x = -124*x + 686531 - 156935. What is the remainder when x is divided by 30?
27
Suppose 3*w + 2*s = 275, 0 = -3*w + 2*s - 43 + 326. Calculate the remainder when 102 is divided by w.
9
Calculate the remainder when 1/4 - 742161/(-236) is divided by 15.
10
Let w(c) = 2*c**3 + 11*c**2 + 8*c + 34. Calculate the remainder when 638 is divided by w(-4).
38
Let m = 78 - 73. Let t be m*(-12)/(-45)*66/(-4). What is the remainder when (-1 - 1)*t*(-1)/(-2) is divided by 13?
9
Let n(o) = -3*o**2 - 24*o + 7. Let l(t) = -t + 2. Let j be l(-4). Calculate the remainder when n(-8) is divided by -5*1*j/(-15).
1
Let n(y) = y**2 - 45*y - 82. What is the remainder when n(55) is divided by 118?
114
Let z = 11 + -7. Suppose 0 = -z*t - 2*r + 106, -2*t + 84 = 3*r + 21. Suppose -4*j = -20, -5 = 2*a - 4*j - 123. What is the remainder when a is divided by t?
21
Let b = -3423 + 3818. Calculate the remainder when b is divided by 56.
3
Suppose -135*r - 8295 = -119*r - 31095. What is the remainder when r is divided by 34?
31
Let a(j) = 16*j - 299. Let w(s) = s**2 - 24*s + 14. Calculate the remainder when a(43) is divided by w(24).
11
Suppose 0 = 29*w - 293 - 1911. Calculate the remainder when 258 is divided by w.
30
Suppose 37 = 2*d - 4*a - 31, -4*a = -d + 32. Let v(n) = -n**3 + 21*n**2 + 442*n + 20. Calculate the remainder when d is divided by v(34).
16
Suppose -13*h = -12*h - 1. Let v be (8/(-2)*1)/(h - 3). Suppose v*c - 6*t = -t + 78, 4*c + 5*t - 126 = 0. What is the remainder when c is divided by 12?
10
Suppose -5*j = 5, -2*u + 1 = -j - 20. Let a(x) = 3*x - 6*x - 25 + 2*x + 54. What is the remainder when a(-10) is divided by u?
9
Let t = 121 + 77. Let y = -102 + t. Calculate the remainder when y is divided by 33.
30
Suppose 0 = -4*c + c + 12, -4*x - 5*c + 12 = 0. Let l be -58 + (-42)/35*(-5)/x. Let d = 78 + l. What is the remainder when 29 is divided by d?
12
Let m = -106 - -110. Suppose 88 = 5*l + 3*t - t, 4*l - m*t - 48 = 0. What is the remainder when 31 is divided by l?
15
Let g(c) = c**3 - 4*c**2 - 3*c - 3. Let n be g(4). Let b = 54 + n. Let z(y) = -y**3 - 21*y**2 - 36*y + 48. What is the remainder when b is divided by z(-19)?
9
Suppose 4*z + 250 = 2*l - l, 1325 = 5*l + 5*z. Calculate the remainder when l is divided by 22518/702 - 264/(-286).
31
Let b(n) = -450*n - 535. What is the remainder when b(-5) is divided by 17?
15
Calculate the remainder when 16/(240/(-225))*-14 is divided by 36.
30
What is the remainder when 297 is divided by (95 - (-1 - -1)/(-9))*1?
12
Suppose 210 + 1230 = 20*y. What is the remainder when y is divided by 55?
17
Suppose -389*c = -397*c + 184. Suppose n - 4*p - c = 0, 19*n - p + 24 = 23*n. What is the remainder when 32 is divided by n?
4
Let k = 10 - 5. Suppose -k - 4 = -f. Let r = 2248 + -2160. Calculate the remainder when r is divided by f.
7
Let w(y) = -y**2 + 24*y + 74. Let x be w(22). Calculate the remainder when 93 is divided by 20/100 + (-1)/(-10)*x.
9
Let g(x) = -206*x - 3118. Calculate the remainder when g(-16) is divided by 95.
83
Let g(i) = -63*i + 44. Let m be g(2). What is the remainder when 106 is divided by (-58)/3*123/m?
19
Suppose 24*u + 188 = 26*u + 2*m, 5*u + 3*m = 462. Let v(t) = -119*t - 1. What is the remainder when v(-3) is divided by u?
86
Let d = 53 + -215. Let c = d + 176. What is the remainder when c is divided by 2/(-8) + (-33)/(-4)?
6
What is the remainder when (123/(-5))/((-1)/35) - (7 + -1) is divided by 136?
39
Let b(j) = -j**2 - 37*j - 20. Let w be (8/4)/((-11)/33). What is the remainder when b(w) is divided by 84?
82
Let n(b) = 70*b**2 - 140*b - 9. What is the remainder when n(3) is divided by 10?
1
Let o(w) = -11*w**2 - w + 10. Let j(s) = 12*s**2 - 10. Let z(r) = 4*j(r) + 3*o(r). Calculate the remainder when z(5) is divided by 27.
26
Suppose -3*y - 2*o = -10, -3*y + 2 = o - 12. Calculate the remainder when (-250)/(-4)*(-91)/(-130)*(-60)/(-35) is divided by y/(-4)*32/(-3).
11
Let y = -11 - -17. Calculate the remainder when y is divided by -3 + (-18 - (-20 + -4)).
0
Let t(y) = 9*y + 34. Let j be t(-11). Let z = 92 + j. Suppose 119 + 91 = 2*w. What is the remainder when w is divided by z?
24
Suppose 48*a - 13446 - 4122 = 0. What is the remainder when 1119 is divided by a?
21
Let t(b) = 7*b**2 - 190*b + 736. Calculate the remainder when 400 is divided by t(4).
48
Let f(b) = -b**3 - 16*b**2 + 14*b - 56. Let o(k) = 3*k**2 - k + 1. Let d(j) = f(j) - o(j). Calculate the remainder when d(-20) is divided by 15.
13
Let b(j) = 176*j + 3. Let z be b(1). Let t = z - 152. Calculate the remainder when t is divided by 17.
10
Suppose -5*a + 4 + 6 = 0. Suppose a*q + 228 = 8*q. What is the remainder when 110 is divided by q?
34
Suppose -5*n + 5 = 0, 2*t = 3*n + 537 + 344. Calculate the remainder when t is divided by 89.
86
Let t be ((-18396)/(-70))/((5 + -2)/15). Suppose -t = -32*x + 26*x. Calculate the remainder when x is divided by 105.
9
Let x = 327 + -293. Suppose -26*y = -9*y - x. What is the remainder when 8 is divided by y?
0
Suppose -252 = -23*f + 1864. Calculate the remainder when 468 is divided by f.
8
Let q(z) = -z**3 + 5*z**2 + 2*z + 5. Let a = 92342 + -92325. Calculate the remainder when a is divided by q(5).
2
Suppose 2*u + o - 200 = -3*o, -5*u - o + 527 = 0. Calculate the remainder when u is divided by 77.
29
Suppose -137*j + 2736 = -113*j. Calculate the remainder when 15728 is divided by j.
110
What is the remainder when ((-150)/(-20))/(290/40 - 7) is divided by (8/20)/(2/60)?
6
What is the remainder when (6496 - -11)/9*(-1)/(-3) is divided by 32?
17
Suppose 0 = 5*p + 5*y - 750, -4*y + 3*y - 458 = -3*p. Suppose -p + 164 = 3*o. What is the remainder when 24 is divided by o?
0
Let y = 10711 - 10606. Calculate the remainder when 707 is divided by y.
77
Let o(s) = s**3 - 9*s**2 + 10. Calculate the remainder when 702/6*(-9 + 10) is divided by o(9).
7
Let t = 358 - 354. What is the remainder when (t/(-6))/(58/(-28971)) is divided by 28?
25
Let j(q) = -q**2 + 16*q + 18. Let i be j(17). Calculate the remainder when 5 + (5 - (-4 + i)) is divided by 9.
4
Suppose 5*j = 1145 - 175. Suppose 0 = 8*v + 10 - j. Calculate the remainder when 34 is divided by v.
11
Suppose -3*v + 7*v = 288. Let c be (v/(-5))/((-4)/20). Suppose 0 = 5*w - c - 13. Calculate the remainder when 31 is divided by w.
14
Let v be (-1 - 0) + -1 + 1. Let s(u) = -106*u**3 - u - 1. Suppose y - 25*q = -30*q + 59, 4*q - 111 = -3*y. What is the remainder when s(v) is divided by y?
19
Suppose -230*i + 1320 = -110*i - 90*i. What is the remainder when 8/12 + 758/6 is divided by i?
39
Let j(q) = -59*q - 139. Let i be j(-5). Suppose -234*t - i = -247*t. What is the remainder when 90 is divided by t?
6
Suppose -2*d + 28*d + 78 = 0. What is the remaind